7) is divided by f.
4
Let v(w) = -w**3 + 6 - 5*w**2 + 2*w**2 + 4*w + w**2. Let m be ((-2)/(-1))/(8/(-20)). What is the remainder when v(m) is divided by 21?
19
Suppose 0*v + v = 0. Suppose v = 3*b - b - 16. Let o(q) = q**2 + 2*q - 1. Calculate the remainder when o(4) is divided by b.
7
Let z(v) = -v**3 - 8*v**2 - 5*v - 3. Let s be z(-7). Let q = -4 - s. What is the remainder when 36 is divided by q?
10
Let g = -13 + 22. Let m be (-80)/(-36) - 2/g. Suppose 7*s - m*i - 76 = 3*s, 0 = 3*s + 5*i - 31. Calculate the remainder when s is divided by 9.
8
Let a = -8 + 19. Calculate the remainder when 19 is divided by a.
8
Let v(s) = 16*s**2 - s - 2. Calculate the remainder when 88 is divided by v(-1).
13
Let s = -54 + 81. Calculate the remainder when s is divided by 12.
3
Suppose 3*m + 4 = 13. Let x(b) = 3*b**2 - b. Let z be x(-1). Suppose 3*q = -m*o + 75, 7 + 5 = z*q. Calculate the remainder when o is divided by 8.
6
Let k be (-501)/(-15) + 6/10. Let l = -21 + k. Calculate the remainder when 23 is divided by l.
10
Suppose 4*b - 5*w - 155 - 1 = 0, w = b - 38. Calculate the remainder when 127 is divided by b.
25
Let o be (-2)/(-4) + (-1053)/(-6). Let x = o - 123. Let f = 23 - 9. What is the remainder when x is divided by f?
11
Suppose x + 3*u + 19 = -2*u, -21 = -5*x + 4*u. What is the remainder when 19 is divided by (-21)/15*(-5)/x?
5
What is the remainder when 62 is divided by (-111)/(-9) + (-4)/(-6)?
10
Suppose 0*d + 59 = x - 3*d, x + 3*d = 71. Let n be (-2)/(-7) - x/7. Let q = 21 + n. What is the remainder when 34 is divided by q?
10
Let f = 14 + -7. What is the remainder when 38 is divided by f?
3
Suppose 2*h - h = 4, -5*u - 2*h = -3. Let w(n) = -20*n**2 - 1 + 9*n**2 - n + 13*n**2. What is the remainder when 5 is divided by w(u)?
1
Let r = 0 + 3. Suppose r*k - 101 - 7 = 0. Let m = 1966 + -1947. Calculate the remainder when k is divided by m.
17
Suppose 2*t - 53 = 25. Calculate the remainder when t is divided by 20.
19
Let z(s) = -s**2 - 14*s + 27. What is the remainder when z(-12) is divided by 15?
6
Let d(c) = c**2 + 4*c + 1. Let m(b) = b**3 + 8*b**2 - 9*b + 7. Let k be m(-9). Suppose k = -2*r - 1. Calculate the remainder when 2 is divided by d(r).
0
Let x be ((-8)/6)/4*-69. Let z = 34 - x. Suppose -z = -2*w + 5*a, 3*a - 1 = -4*w + 8. Calculate the remainder when 11 is divided by w.
2
Let k be 1/(3/(-6)) + 3. Calculate the remainder when 1*((-12)/(-2) - 1) is divided by (0 + 1)*(k - -1).
1
Suppose -3*o - 4*q + 9*q = -92, -o - 5*q + 64 = 0. What is the remainder when o is divided by 21?
18
Suppose 0 = -6*v + 123 - 9. What is the remainder when v is divided by 5?
4
Let i be (-10)/(-40) + (-14)/(-8). Suppose -5*z = -7*z + i. Let b(r) = r**3 + 5*r**2 - 5*r + 7. Calculate the remainder when z is divided by b(-6).
0
Let u = -19 + 41. What is the remainder when u is divided by 12?
10
Let i = -35 - -81. Let q = 7 + -5. Suppose 3*x - 5 - 15 = -4*c, 4*c + 40 = q*x. What is the remainder when i is divided by x?
10
Let y(w) = 8 - w**2 + 5*w + 7*w - 2*w - 3*w. What is the remainder when 22 is divided by y(7)?
6
Suppose 3*w + 5 = -16. Let v = w + 13. Let r = 74 - 70. What is the remainder when v is divided by r?
2
Let n(w) = 1 - 4 + 2*w + 0. Let d(c) = 4*c - 2. What is the remainder when d(4) is divided by n(4)?
4
Suppose 3*v - 83 = 88. Let z = 51 + -32. Let t = v - z. What is the remainder when t is divided by 20?
18
Suppose -12 = 3*m, k = -k + 4*m + 30. Let o = -3 - -11. Suppose -o = -z - z. Calculate the remainder when k is divided by z.
3
Let l = 12 + -7. Let d = l - 3. What is the remainder when d is divided by 2?
0
Let g(r) = -3*r**2 + 5*r + 2. Let t be g(3). Suppose -5*i = -89 + 234. Let m = t - i. What is the remainder when m is divided by 7?
5
Suppose 20 = -6*n + 2*n, -w - 14 = 3*n. Let r(d) = d**2 + 5*d - w - 2*d - d. What is the remainder when r(-5) is divided by 5?
4
Suppose 5*z - m + 5 = 0, -z + 4*m - 20 = 2*z. Let l = z - -4. Calculate the remainder when 7 is divided by l.
3
Let z be (21/9)/(3/18). Calculate the remainder when 320/z + (-6)/(-42) is divided by 7.
2
Suppose 0 = -5*g + 6*g. Let i(q) = -q**3 - q**2 + q + 41. What is the remainder when i(g) is divided by ((-28)/(-10))/(3/15)?
13
Let r = 36 + -16. Suppose 4*l = -l. Suppose -v + 2*t + 53 = 4*v, -v + t + 10 = l. What is the remainder when r is divided by v?
9
Let j = -110 + 185. Calculate the remainder when 1/(3/j) + -2 is divided by 12.
11
Let p be 7/2 + (-1)/(-2). Suppose -2*c + c + p = 0. Suppose -4*m = -2*n - 8, -c*n - 4*m + 20 = -0*n. Calculate the remainder when 2 is divided by n.
0
Let t(q) = -5*q - 5. Suppose -2*u - 15 = -5. What is the remainder when ((-266)/(-21))/(2/6) is divided by t(u)?
18
Let g be 45/(-12) + 2/(-8). Let l = g - -17. What is the remainder when 38 is divided by l?
12
Suppose 3*v = h + 220, -4*h + 3*h = 2*v - 140. Suppose -4*g - v = -10*g. Calculate the remainder when 22 is divided by g.
10
Suppose -2*s + 24 = 5*w - 19, -9 = 3*w. What is the remainder when s is divided by 8?
5
Let p(t) = -t + 3. What is the remainder when 15 is divided by p(-3)?
3
What is the remainder when (-1462)/(-51)*(-6)/(-4) is divided by 22?
21
Suppose -3*n - 69 = -222. What is the remainder when 304 is divided by n?
49
Let u(o) = 13*o - 1. What is the remainder when u(2) is divided by 9?
7
Let v(j) = -j - 2 + 1 + 8. What is the remainder when 18 is divided by v(0)?
4
Suppose 105 = a + 4*a. Let d = -14 + a. What is the remainder when 19 is divided by d?
5
Let i be (6/(-4))/(2/4). Let g be (-3)/(-6)*4 + i. What is the remainder when 22 is divided by (-6)/(g + 1/4)?
6
Suppose 2*x - 20 = 110. What is the remainder when x is divided by 33?
32
Suppose -2*l = l - 33. What is the remainder when (10/(-6) - -3)*24 is divided by l?
10
Suppose g - 106 = -5*a, 5*g = 3*g - a + 167. What is the remainder when g is divided by 6?
3
Suppose 0 = -3*u - 3*d + 66, 2*d + 92 = 4*u + 5*d. Let j = u - 18. Let w = -6 + 20. What is the remainder when w is divided by j?
6
Let v = 10 + -6. Let b = 30 - v. Suppose -3*w = -2*z - 14 + 44, 3*z - 31 = w. Calculate the remainder when b is divided by z.
8
Let w(x) = x**3 + 15*x**2 + 12*x - 8. Let q(s) = 6*s**3 + s**2 + s - 1. Calculate the remainder when w(-14) is divided by q(1).
6
Suppose 0 = -0*m + 3*m - 60. Suppose 4*u = u + 6. Suppose -u*d + d + 39 = 0. What is the remainder when d is divided by m?
19
Suppose -3*h = -h. Suppose 0 = 3*a + 2*a + 75. Let x = h - a. What is the remainder when 29 is divided by x?
14
Let q(k) = -4*k - 8. Let s = -135 - -166. Calculate the remainder when s is divided by q(-6).
15
Let v = -1 - 2. Let a = v + 9. What is the remainder when 10 is divided by a?
4
Let v(u) = -2 + 5*u - u**2 - u**2 + 3*u**2. Let h be v(-6). Suppose 37 = h*y - 79. Calculate the remainder when y is divided by 15.
14
Let b(m) = -m - 3. Let h be b(6). Let l = h - -4. Let s(d) = d**2 + d - 7. What is the remainder when s(l) is divided by 7?
6
Let z(u) = u**2 - 3*u + 6. Calculate the remainder when z(5) is divided by (-4)/2 - (-26 - -15).
7
What is the remainder when (4/5)/(3/45) is divided by ((-28)/(-6))/((-4)/(-6))?
5
Let k = -235 + 333. Calculate the remainder when k is divided by 25.
23
Suppose 7*b = -122 + 773. What is the remainder when b is divided by 24?
21
Suppose 19 = 2*g + 3*a, -g - 39 = -3*g + a. Suppose 3*u = -2*c + 25 + g, u - 14 = 4*c. What is the remainder when 14 is divided by (u - 2)*(-2)/(-3)?
6
Suppose 5*c + 5 = 5*v, v - 5*c - 9 = -0*v. Calculate the remainder when 33 is divided by 6/((-3)/(-2) + v).
9
Let t(w) = -2*w**3 - 2*w**2 - 4*w - 4. Calculate the remainder when 23 is divided by t(-2).
11
Let s be 8/28 + 57/21. Let a(v) = -v**3 + 4*v**2 - v + 4. Calculate the remainder when (-1)/((-2)/(-37))*-2 is divided by a(s).
7
Let x be 9 - (4 + -2) - 0. Let l = 12 - x. What is the remainder when l is divided by (-6)/(-15) - 8/(-5)?
1
Let m = -2 - 4. Let c = m + 8. What is the remainder when 13 is divided by 8/c*(-20)/(-16)?
3
Let o(a) = -34*a + 2. Let y be o(-2). Suppose -n - 5*k + 10 = 0, 5*n - y = n - 5*k. Calculate the remainder when 59 is divided by n.
19
What is the remainder when 43 is divided by 3/(1 + -2) + 25?
21
Calculate the remainder when 2 - 2 - (1 - 20) is divided by 10.
9
Suppose 15 = 2*k + 5. What is the remainder when -5 - (-182)/10 